{"id":1533,"date":"2018-01-25T21:38:17","date_gmt":"2018-01-25T20:38:17","guid":{"rendered":"http:\/\/parafiabobrowniki.\u200blowicz.\u200bpl\/?page_id=1533"},"modified":"2018-01-25T21:41:36","modified_gmt":"2018-01-25T20:41:36","slug":"prasa-dynamiczna-droga","status":"publish","type":"page","link":"https:\/\/parafiabobrowniki.\u200blowicz.\u200bpl\/?page_id=1533","title":{"rendered":"Prasa &#8211; Dynamiczna droga"},"content":{"rendered":"<p><i>Artyku\u0142 pochodzi z numeru 01\/2014 &#8222;Go\u015bcia \u0141owickiego&#8221;<\/i><\/p>\n<p><strong>Dynamiczna droga<\/strong><\/p>\n<p>G\u0142oszenie Dobrej Nowiny zaowocowa\u0142o powstaniem wsp\u00f3lnoty neokatechumenalnej przy parafii Matki Bo\u017cej Jasnog\u00f3rskiej w Bobrownikach.<\/p>\n<p>Najpierw przez kilka tygodni katechi\u015bci z \u0141owicza prowadzili katechezy ewangelizacyjne. &#8211; Bywa\u0142o, \u017ce pojawia\u0142o si\u0119 nawet 160 os\u00f3b. Wida\u0107 by\u0142o po reakcjach ludzi, \u017ce taka forma ewangelizacji by\u0142a potrzebna. Niekt\u00f3rzy, wychodz\u0105c z katechezy, nie mogli si\u0119 doczeka\u0107 nast\u0119pnej &#8211; m\u00f3wi proboszcz ks. Piotr Sapi\u0144ski.<br \/>\nZwie\u0144czeniem g\u0142oszenia katechez by\u0142 wyjazd grupy parafian do Rawy Mazowieckiej na trzydniow\u0105 konwiwencj\u0119 za\u0142o\u017cycielsk\u0105. Cz\u0119\u015b\u0107 z nich zdecydowa\u0142a si\u0119 wst\u0105pi\u0107 na Drog\u0119 Neokatechumenaln\u0105.<br \/>\n21 grudnia, ju\u017c w Bobrownikach, odprawiona zosta\u0142a pierwsza Msza \u015bw. dla nowo powsta\u0142ej wsp\u00f3lnoty. &#8211; Dlaczego zdecydowa\u0142am si\u0119 na wst\u0105pienie na Drog\u0119 Neokatechumenaln\u0105? Tu spotka\u0142am \u017cywego Boga, kt\u00f3ry do mnie przemawia. Tutaj cz\u0142owiek nie zasklepia si\u0119 w sobie. Nie ma statyki. To jest pi\u0119kne, \u017ce ca\u0142y czas co\u015b si\u0119 dzieje &#8211; m\u00f3wi pani Bogumi\u0142a.<br \/>\nU podstaw Drogi Neokatechumenalnej le\u017cy g\u0142oszenie zmartwychwsta\u0142ego Jezusa Chrystusa. Formacja prowadzona jest na wz\u00f3r katechumenatu pierwotnego Ko\u015bcio\u0142a, opiera si\u0119 na s\u0142owie Bo\u017cym, \u017cyciu sakramentalnym i dzia\u0142aniu wsp\u00f3lnotowym.<\/p>\n<p style=\"text-align: right;\"><i>Marcin Kowalik<br \/>\ndziennikarz &#8222;Go\u015bcia \u0141owickiego&#8221;<\/i><\/p>\n<p><img loading=\"lazy\" decoding=\"async\" class=\"size-full wp-image-1534 aligncenter\" src=\"http:\/\/parafiabobrowniki.\u200blowicz.\u200bpl\/wp-content\/uploads\/2018\/01\/neo02.jpg\" alt=\"\" width=\"640\" height=\"427\" srcset=\"https:\/\/parafiabobrowniki.\u200blowicz.\u200bpl\/wp-content\/uploads\/2018\/01\/neo02.jpg 640w, https:\/\/parafiabobrowniki.\u200blowicz.\u200bpl\/wp-content\/uploads\/2018\/01\/neo02-300x200.jpg 300w\" sizes=\"(max-width: 640px) 100vw, 640px\" \/> <img loading=\"lazy\" decoding=\"async\" class=\"size-full wp-image-1535 aligncenter\" src=\"http:\/\/parafiabobrowniki.\u200blowicz.\u200bpl\/wp-content\/uploads\/2018\/01\/neo03.jpg\" alt=\"\" width=\"640\" height=\"427\" srcset=\"https:\/\/parafiabobrowniki.\u200blowicz.\u200bpl\/wp-content\/uploads\/2018\/01\/neo03.jpg 640w, https:\/\/parafiabobrowniki.\u200blowicz.\u200bpl\/wp-content\/uploads\/2018\/01\/neo03-300x200.jpg 300w\" sizes=\"(max-width: 640px) 100vw, 640px\" \/><\/p>\n","protected":false},"excerpt":{"rendered":"<p>Artyku\u0142 pochodzi z numeru 01\/2014 &#8222;Go\u015bcia \u0141owickiego&#8221; Dynamiczna droga G\u0142oszenie Dobrej Nowiny zaowocowa\u0142o powstaniem wsp\u00f3lnoty neokatechumenalnej przy parafii Matki Bo\u017cej Jasnog\u00f3rskiej w Bobrownikach. Najpierw przez kilka tygodni katechi\u015bci z \u0141owicza prowadzili katechezy ewangelizacyjne. &#8211; Bywa\u0142o, \u017ce pojawia\u0142o si\u0119 nawet 160 os\u00f3b. Wida\u0107 by\u0142o po reakcjach ludzi, \u017ce taka forma ewangelizacji by\u0142a potrzebna. Niekt\u00f3rzy, wychodz\u0105c z katechezy, nie mogli si\u0119 doczeka\u0107<\/p>\n","protected":false},"author":1,"featured_media":0,"parent":0,"menu_order":0,"comment_status":"closed","ping_status":"closed","template":"","meta":{"footnotes":""},"class_list":["post-1533","page","type-page","status-publish","hentry"],"_links":{"self":[{"href":"https:\/\/parafiabobrowniki.\u200blowicz.\u200bpl\/index.php?rest_route=\/wp\/v2\/pages\/1533"}],"collection":[{"href":"https:\/\/parafiabobrowniki.\u200blowicz.\u200bpl\/index.php?rest_route=\/wp\/v2\/pages"}],"about":[{"href":"https:\/\/parafiabobrowniki.\u200blowicz.\u200bpl\/index.php?rest_route=\/wp\/v2\/types\/page"}],"author":[{"embeddable":true,"href":"https:\/\/parafiabobrowniki.\u200blowicz.\u200bpl\/index.php?rest_route=\/wp\/v2\/users\/1"}],"replies":[{"embeddable":true,"href":"https:\/\/parafiabobrowniki.\u200blowicz.\u200bpl\/index.php?rest_route=%2Fwp%2Fv2%2Fcomments&post=1533"}],"version-history":[{"count":3,"href":"https:\/\/parafiabobrowniki.\u200blowicz.\u200bpl\/index.php?rest_route=\/wp\/v2\/pages\/1533\/revisions"}],"predecessor-version":[{"id":1540,"href":"https:\/\/parafiabobrowniki.\u200blowicz.\u200bpl\/index.php?rest_route=\/wp\/v2\/pages\/1533\/revisions\/1540"}],"wp:attachment":[{"href":"https:\/\/parafiabobrowniki.\u200blowicz.\u200bpl\/index.php?rest_route=%2Fwp%2Fv2%2Fmedia&parent=1533"}],"curies":[{"name":"wp","href":"https:\/\/api.w.org\/{rel}","templated":true}]}}